{"id":454,"date":"2016-02-01T22:43:49","date_gmt":"2016-02-01T22:43:49","guid":{"rendered":"https:\/\/www.runemester.dk\/middelalderdage\/?page_id=454"},"modified":"2019-02-19T11:35:10","modified_gmt":"2019-02-19T10:35:10","slug":"tak-for-din-tilmelding","status":"publish","type":"page","link":"https:\/\/www.runemester.dk\/middelalderdage\/grupper\/tak-for-din-tilmelding\/","title":{"rendered":"[:da]Tak for din tilmelding til Esrum Middelalderdage [:en]Thank you for your Registration[:]"},"content":{"rendered":"[:da]Din tilmelding som gruppe eller enkeltperson\u00a0til Esrum Middelalderdage er blevet sendt. Mange tak!<\/p>\n<p>Du b\u00f8r allerede have modtaget en forel\u00f8big kvittering p\u00e5 den oplyste e-mailadresse.<\/p>\n<p>Vi behandler tilmeldingerne i den r\u00e6kkef\u00f8lge de kommer ind og tager efterf\u00f8lgende kontakt med den oplyste kontaktperson i forhold til det videre forl\u00f8b.<\/p>\n<p>Vi gl\u00e6der os til at se jer middelalderen![:en]Your Registration to Esrum Medieval Days\u00a0 has been submitted. Thank you!<\/p>\n<p>You should already have received a preliminary confirmation at the e-mail address provided by you.<\/p>\n<p>We process the registrations in incoming order and will then make contact to the specified contact person for further action.<\/p>\n<p>We look forward to see you in the Middle Ages![:]\n","protected":false},"excerpt":{"rendered":"<p>[:da]Din tilmelding som gruppe eller enkeltperson\u00a0til Esrum Middelalderdage er blevet sendt. Mange tak! Du b\u00f8r allerede have modtaget en forel\u00f8big kvittering p\u00e5 den oplyste e-mailadresse. Vi behandler tilmeldingerne i den r\u00e6kkef\u00f8lge de kommer ind og tager efterf\u00f8lgende kontakt med den oplyste kontaktperson i forhold til det videre forl\u00f8b. Vi gl\u00e6der os til at se jer [&hellip;]<\/p>\n","protected":false},"author":1,"featured_media":0,"parent":175,"menu_order":0,"comment_status":"closed","ping_status":"closed","template":"","meta":{"footnotes":""},"class_list":["post-454","page","type-page","status-publish","hentry"],"yoast_head":"<!-- This site is optimized with the Yoast SEO plugin v26.5 - https:\/\/yoast.com\/wordpress\/plugins\/seo\/ -->\n<title>[:da]Tak for din tilmelding til Esrum Middelalderdage [:en]Thank you for your Registration[:] - Esrum Middelalderdage<\/title>\n<meta name=\"robots\" content=\"index, follow, max-snippet:-1, max-image-preview:large, max-video-preview:-1\" \/>\n<link rel=\"canonical\" href=\"https:\/\/www.runemester.dk\/middelalderdage\/grupper\/tak-for-din-tilmelding\/\" \/>\n<meta property=\"og:locale\" content=\"da_DK\" \/>\n<meta property=\"og:type\" content=\"article\" \/>\n<meta property=\"og:title\" content=\"[:da]Tak for din tilmelding til Esrum Middelalderdage [:en]Thank you for your Registration[:] - Esrum Middelalderdage\" \/>\n<meta property=\"og:description\" content=\"[:da]Din tilmelding som gruppe eller enkeltperson\u00a0til Esrum Middelalderdage er blevet sendt. Mange tak! Du b\u00f8r allerede have modtaget en forel\u00f8big kvittering p\u00e5 den oplyste e-mailadresse. Vi behandler tilmeldingerne i den r\u00e6kkef\u00f8lge de kommer ind og tager efterf\u00f8lgende kontakt med den oplyste kontaktperson i forhold til det videre forl\u00f8b. Vi gl\u00e6der os til at se jer [&hellip;]\" \/>\n<meta property=\"og:url\" content=\"https:\/\/www.runemester.dk\/middelalderdage\/grupper\/tak-for-din-tilmelding\/\" \/>\n<meta property=\"og:site_name\" content=\"Esrum Middelalderdage\" \/>\n<meta property=\"article:modified_time\" content=\"2019-02-19T10:35:10+00:00\" \/>\n<meta name=\"twitter:card\" content=\"summary_large_image\" \/>\n<meta name=\"twitter:label1\" content=\"Estimeret l\u00e6setid\" \/>\n\t<meta name=\"twitter:data1\" content=\"1 minut\" \/>\n<script type=\"application\/ld+json\" class=\"yoast-schema-graph\">{\"@context\":\"https:\/\/schema.org\",\"@graph\":[{\"@type\":\"WebPage\",\"@id\":\"https:\/\/www.runemester.dk\/middelalderdage\/grupper\/tak-for-din-tilmelding\/\",\"url\":\"https:\/\/www.runemester.dk\/middelalderdage\/grupper\/tak-for-din-tilmelding\/\",\"name\":\"[:da]Tak for din tilmelding til Esrum Middelalderdage [:en]Thank you for your Registration[:] - Esrum Middelalderdage\",\"isPartOf\":{\"@id\":\"https:\/\/www.runemester.dk\/middelalderdage\/#website\"},\"datePublished\":\"2016-02-01T22:43:49+00:00\",\"dateModified\":\"2019-02-19T10:35:10+00:00\",\"breadcrumb\":{\"@id\":\"https:\/\/www.runemester.dk\/middelalderdage\/grupper\/tak-for-din-tilmelding\/#breadcrumb\"},\"inLanguage\":\"da-DK\",\"potentialAction\":[{\"@type\":\"ReadAction\",\"target\":[\"https:\/\/www.runemester.dk\/middelalderdage\/grupper\/tak-for-din-tilmelding\/\"]}]},{\"@type\":\"BreadcrumbList\",\"@id\":\"https:\/\/www.runemester.dk\/middelalderdage\/grupper\/tak-for-din-tilmelding\/#breadcrumb\",\"itemListElement\":[{\"@type\":\"ListItem\",\"position\":1,\"name\":\"Hjem\",\"item\":\"https:\/\/www.runemester.dk\/middelalderdage\/\"},{\"@type\":\"ListItem\",\"position\":2,\"name\":\"[:da]Grupper og akt\u00f8rer[:en]Groups[:]\",\"item\":\"https:\/\/www.runemester.dk\/middelalderdage\/grupper\/\"},{\"@type\":\"ListItem\",\"position\":3,\"name\":\"[:da]Tak for din tilmelding til Esrum Middelalderdage [:en]Thank you for your Registration[:]\"}]},{\"@type\":\"WebSite\",\"@id\":\"https:\/\/www.runemester.dk\/middelalderdage\/#website\",\"url\":\"https:\/\/www.runemester.dk\/middelalderdage\/\",\"name\":\"Esrum Middelalderdage\",\"description\":\"[:da]For bodholdere og deltagende | 26. juni - 4. juli 2021[:en]For bodholdere og deltagende | 15 og 16. juni 2019[:]\",\"potentialAction\":[{\"@type\":\"SearchAction\",\"target\":{\"@type\":\"EntryPoint\",\"urlTemplate\":\"https:\/\/www.runemester.dk\/middelalderdage\/?s={search_term_string}\"},\"query-input\":{\"@type\":\"PropertyValueSpecification\",\"valueRequired\":true,\"valueName\":\"search_term_string\"}}],\"inLanguage\":\"da-DK\"}]}<\/script>\n<!-- \/ Yoast SEO plugin. -->","yoast_head_json":{"title":"[:da]Tak for din tilmelding til Esrum Middelalderdage [:en]Thank you for your Registration[:] - Esrum Middelalderdage","robots":{"index":"index","follow":"follow","max-snippet":"max-snippet:-1","max-image-preview":"max-image-preview:large","max-video-preview":"max-video-preview:-1"},"canonical":"https:\/\/www.runemester.dk\/middelalderdage\/grupper\/tak-for-din-tilmelding\/","og_locale":"da_DK","og_type":"article","og_title":"[:da]Tak for din tilmelding til Esrum Middelalderdage [:en]Thank you for your Registration[:] - Esrum Middelalderdage","og_description":"[:da]Din tilmelding som gruppe eller enkeltperson\u00a0til Esrum Middelalderdage er blevet sendt. Mange tak! Du b\u00f8r allerede have modtaget en forel\u00f8big kvittering p\u00e5 den oplyste e-mailadresse. Vi behandler tilmeldingerne i den r\u00e6kkef\u00f8lge de kommer ind og tager efterf\u00f8lgende kontakt med den oplyste kontaktperson i forhold til det videre forl\u00f8b. Vi gl\u00e6der os til at se jer [&hellip;]","og_url":"https:\/\/www.runemester.dk\/middelalderdage\/grupper\/tak-for-din-tilmelding\/","og_site_name":"Esrum Middelalderdage","article_modified_time":"2019-02-19T10:35:10+00:00","twitter_card":"summary_large_image","twitter_misc":{"Estimeret l\u00e6setid":"1 minut"},"schema":{"@context":"https:\/\/schema.org","@graph":[{"@type":"WebPage","@id":"https:\/\/www.runemester.dk\/middelalderdage\/grupper\/tak-for-din-tilmelding\/","url":"https:\/\/www.runemester.dk\/middelalderdage\/grupper\/tak-for-din-tilmelding\/","name":"[:da]Tak for din tilmelding til Esrum Middelalderdage [:en]Thank you for your Registration[:] - Esrum Middelalderdage","isPartOf":{"@id":"https:\/\/www.runemester.dk\/middelalderdage\/#website"},"datePublished":"2016-02-01T22:43:49+00:00","dateModified":"2019-02-19T10:35:10+00:00","breadcrumb":{"@id":"https:\/\/www.runemester.dk\/middelalderdage\/grupper\/tak-for-din-tilmelding\/#breadcrumb"},"inLanguage":"da-DK","potentialAction":[{"@type":"ReadAction","target":["https:\/\/www.runemester.dk\/middelalderdage\/grupper\/tak-for-din-tilmelding\/"]}]},{"@type":"BreadcrumbList","@id":"https:\/\/www.runemester.dk\/middelalderdage\/grupper\/tak-for-din-tilmelding\/#breadcrumb","itemListElement":[{"@type":"ListItem","position":1,"name":"Hjem","item":"https:\/\/www.runemester.dk\/middelalderdage\/"},{"@type":"ListItem","position":2,"name":"[:da]Grupper og akt\u00f8rer[:en]Groups[:]","item":"https:\/\/www.runemester.dk\/middelalderdage\/grupper\/"},{"@type":"ListItem","position":3,"name":"[:da]Tak for din tilmelding til Esrum Middelalderdage [:en]Thank you for your Registration[:]"}]},{"@type":"WebSite","@id":"https:\/\/www.runemester.dk\/middelalderdage\/#website","url":"https:\/\/www.runemester.dk\/middelalderdage\/","name":"Esrum Middelalderdage","description":"[:da]For bodholdere og deltagende | 26. juni - 4. juli 2021[:en]For bodholdere og deltagende | 15 og 16. juni 2019[:]","potentialAction":[{"@type":"SearchAction","target":{"@type":"EntryPoint","urlTemplate":"https:\/\/www.runemester.dk\/middelalderdage\/?s={search_term_string}"},"query-input":{"@type":"PropertyValueSpecification","valueRequired":true,"valueName":"search_term_string"}}],"inLanguage":"da-DK"}]}},"_links":{"self":[{"href":"https:\/\/www.runemester.dk\/middelalderdage\/wp-json\/wp\/v2\/pages\/454","targetHints":{"allow":["GET"]}}],"collection":[{"href":"https:\/\/www.runemester.dk\/middelalderdage\/wp-json\/wp\/v2\/pages"}],"about":[{"href":"https:\/\/www.runemester.dk\/middelalderdage\/wp-json\/wp\/v2\/types\/page"}],"author":[{"embeddable":true,"href":"https:\/\/www.runemester.dk\/middelalderdage\/wp-json\/wp\/v2\/users\/1"}],"replies":[{"embeddable":true,"href":"https:\/\/www.runemester.dk\/middelalderdage\/wp-json\/wp\/v2\/comments?post=454"}],"version-history":[{"count":10,"href":"https:\/\/www.runemester.dk\/middelalderdage\/wp-json\/wp\/v2\/pages\/454\/revisions"}],"predecessor-version":[{"id":983,"href":"https:\/\/www.runemester.dk\/middelalderdage\/wp-json\/wp\/v2\/pages\/454\/revisions\/983"}],"up":[{"embeddable":true,"href":"https:\/\/www.runemester.dk\/middelalderdage\/wp-json\/wp\/v2\/pages\/175"}],"wp:attachment":[{"href":"https:\/\/www.runemester.dk\/middelalderdage\/wp-json\/wp\/v2\/media?parent=454"}],"curies":[{"name":"wp","href":"https:\/\/api.w.org\/{rel}","templated":true}]}}

[:da]Din tilmelding som gruppe eller enkeltperson til Esrum Middelalderdage er blevet sendt. Mange tak!</p>
<p>Du bør allerede have modtaget en foreløbig kvittering på den oplyste e-mailadresse.</p>
<p>Vi behandler tilmeldingerne i den rækkefølge de kommer ind og tager efterfølgende kontakt med den oplyste kontaktperson i forhold til det videre forløb.</p>
<p>Vi glæder os til at se jer middelalderen![:en]Your Registration to Esrum Medieval Days  has been submitted. Thank you!</p>
<p>You should already have received a preliminary confirmation at the e-mail address provided by you.</p>
<p>We process the registrations in incoming order and will then make contact to the specified contact person for further action.</p>
<p>We look forward to see you in the Middle Ages![:]

<p>[:da]Din tilmelding som gruppe eller enkeltperson til Esrum Middelalderdage er blevet sendt. Mange tak! Du bør allerede have modtaget en foreløbig kvittering på den oplyste e-mailadresse. Vi behandler tilmeldingerne i den rækkefølge de kommer ind og tager efterfølgende kontakt med den oplyste kontaktperson i forhold til det videre forløb. Vi glæder os til at se jer [&hellip;]</p>

<!-- This site is optimized with the Yoast SEO plugin v26.5 - https://yoast.com/wordpress/plugins/seo/ -->
<title>[:da]Tak for din tilmelding til Esrum Middelalderdage [:en]Thank you for your Registration[:] - Esrum Middelalderdage</title>
<meta name="robots" content="index, follow, max-snippet:-1, max-image-preview:large, max-video-preview:-1" />
<link rel="canonical" href="https://www.runemester.dk/middelalderdage/grupper/tak-for-din-tilmelding/" />
<meta property="og:locale" content="da_DK" />
<meta property="og:type" content="article" />
<meta property="og:title" content="[:da]Tak for din tilmelding til Esrum Middelalderdage [:en]Thank you for your Registration[:] - Esrum Middelalderdage" />
<meta property="og:description" content="[:da]Din tilmelding som gruppe eller enkeltperson til Esrum Middelalderdage er blevet sendt. Mange tak! Du bør allerede have modtaget en foreløbig kvittering på den oplyste e-mailadresse. Vi behandler tilmeldingerne i den rækkefølge de kommer ind og tager efterfølgende kontakt med den oplyste kontaktperson i forhold til det videre forløb. Vi glæder os til at se jer [&hellip;]" />
<meta property="og:url" content="https://www.runemester.dk/middelalderdage/grupper/tak-for-din-tilmelding/" />
<meta property="og:site_name" content="Esrum Middelalderdage" />
<meta property="article:modified_time" content="2019-02-19T10:35:10+00:00" />
<meta name="twitter:card" content="summary_large_image" />
<meta name="twitter:label1" content="Estimeret læsetid" />
	<meta name="twitter:data1" content="1 minut" />
<script type="application/ld+json" class="yoast-schema-graph">{"@context":"https://schema.org","@graph":[{"@type":"WebPage","@id":"https://www.runemester.dk/middelalderdage/grupper/tak-for-din-tilmelding/","url":"https://www.runemester.dk/middelalderdage/grupper/tak-for-din-tilmelding/","name":"[:da]Tak for din tilmelding til Esrum Middelalderdage [:en]Thank you for your Registration[:] - Esrum Middelalderdage","isPartOf":{"@id":"https://www.runemester.dk/middelalderdage/#website"},"datePublished":"2016-02-01T22:43:49+00:00","dateModified":"2019-02-19T10:35:10+00:00","breadcrumb":{"@id":"https://www.runemester.dk/middelalderdage/grupper/tak-for-din-tilmelding/#breadcrumb"},"inLanguage":"da-DK","potentialAction":[{"@type":"ReadAction","target":["https://www.runemester.dk/middelalderdage/grupper/tak-for-din-tilmelding/"]}]},{"@type":"BreadcrumbList","@id":"https://www.runemester.dk/middelalderdage/grupper/tak-for-din-tilmelding/#breadcrumb","itemListElement":[{"@type":"ListItem","position":1,"name":"Hjem","item":"https://www.runemester.dk/middelalderdage/"},{"@type":"ListItem","position":2,"name":"[:da]Grupper og aktører[:en]Groups[:]","item":"https://www.runemester.dk/middelalderdage/grupper/"},{"@type":"ListItem","position":3,"name":"[:da]Tak for din tilmelding til Esrum Middelalderdage [:en]Thank you for your Registration[:]"}]},{"@type":"WebSite","@id":"https://www.runemester.dk/middelalderdage/#website","url":"https://www.runemester.dk/middelalderdage/","name":"Esrum Middelalderdage","description":"[:da]For bodholdere og deltagende | 26. juni - 4. juli 2021[:en]For bodholdere og deltagende | 15 og 16. juni 2019[:]","potentialAction":[{"@type":"SearchAction","target":{"@type":"EntryPoint","urlTemplate":"https://www.runemester.dk/middelalderdage/?s={search_term_string}"},"query-input":{"@type":"PropertyValueSpecification","valueRequired":true,"valueName":"search_term_string"}}],"inLanguage":"da-DK"}]}</script>
<!-- / Yoast SEO plugin. -->

[:da]Din tilmelding som gruppe eller enkeltperson til Esrum Middelalderdage er blevet sendt. Mange tak! Du bør allerede have modtaget en foreløbig kvittering på den oplyste e-mailadresse. Vi behandler tilmeldingerne i den rækkefølge de kommer ind og tager efterfølgende kontakt med den oplyste kontaktperson i forhold til det videre forløb. Vi glæder os til at se jer [&hellip;]

[:da]Grupper og aktører[:en]Groups[:]
