{"id":257,"date":"2015-12-16T09:04:13","date_gmt":"2015-12-16T09:04:13","guid":{"rendered":"https:\/\/middelalderdage.wordpress.com\/esrum-middelalderdage-hvorfor\/"},"modified":"2020-06-10T12:55:27","modified_gmt":"2020-06-10T10:55:27","slug":"esrum-middelalderdage","status":"publish","type":"page","link":"https:\/\/www.runemester.dk\/middelalderdage\/esrum-middelalderdage\/","title":{"rendered":"[:da]Esrum Middelalderdage[:en]Esrum Medieval Days[:]"},"content":{"rendered":"[:da]Esrum Middealderdage 2020 er desv\u00e6rre aflyst pga. Covid-19.<\/p>\n<p>Esrum Middelalderdage begyndte for over 10 \u00e5r siden som Esrum Riddermarked. I 2015 skiftede vi navn til Esrum Middelalderdage.<\/p>\n<p>Med Esrum Middelalderdage er vores vision at lave en begivenhed hvor kvalitet, autenticitet, l\u00e6ring, oplevelse og inddragelse g\u00e5r op i en h\u00f8jere enhed. Vi \u00f8nsker at middelalderdagene er en attraktiv begivenhed for b\u00e5de g\u00e6ster og deltagere. Vi pr\u00f8ver ikke at rekonstruerer middelalderen en til en, men l\u00e6gger stor v\u00e6gt p\u00e5 autenticitet og h\u00f8j kvalitet hos alle deltagere.<\/p>\n<p>M\u00e5let med middelalderdagene er at formidle Esrum Klosters historie, med v\u00e6gt p\u00e5 klosteret og klosterv\u00e6senets betydning og det samfund klosteret var en del af, til et bredt publikum. Vi \u00f8nsker at vores formidling sker p\u00e5 en inddragende og sjov m\u00e5de, hvor de bes\u00f8gende selv er en del af begivenheden og ikke bare tilskuere.<\/p>\n<p>Derfor er autenticitet, \u00e5benhed, formidling og sjov n\u00f8gleord hos os.<\/p>\n<p>&nbsp;<\/p>\n<p><strong>\u00a0<\/strong><\/p>\n<p>&nbsp;[:en]Esrum Medievaldays 2020 is cancelled due to covid-19.<\/p>\n<p>Esrum Medieval Days began over 10 years ago as Esrum Knights Market. In 2015 we changed our name to Esrum Medieval Days.<\/p>\n<p>With Esrum Medieval Days our vision is to create an event where quality, authenticity, learning, experience and involvement reach a higher level. Our\u00a0aim is that Esrum Medieval Days is an attractive event for both guests and participants.<\/p>\n<p>We&#8217;re not trying to reconstruct the Middle Ages one to one, but we place great emphasis on authenticity and quality of all participants.<\/p>\n<p>The aim of \u00a0Esrum Medieval Days is to disseminate Esrum Abbeys history,\u00a0with emphasis on the monasticism impact and the medieval society the monastery was part of, to a broad audience.<strong>\u00a0<\/strong>We want to be inclusive and fun, and we want the visitors to be part of the event and not just spectators &#8211; therefore, authenticity, openness, dissemination and fun are keywords at Esrum Medieval Days.[:]\n","protected":false},"excerpt":{"rendered":"<p>[:da]Esrum Middealderdage 2020 er desv\u00e6rre aflyst pga. Covid-19. Esrum Middelalderdage begyndte for over 10 \u00e5r siden som Esrum Riddermarked. I 2015 skiftede vi navn til Esrum Middelalderdage. Med Esrum Middelalderdage er vores vision at lave en begivenhed hvor kvalitet, autenticitet, l\u00e6ring, oplevelse og inddragelse g\u00e5r op i en h\u00f8jere enhed. Vi \u00f8nsker at middelalderdagene er [&hellip;]<\/p>\n","protected":false},"author":2,"featured_media":0,"parent":0,"menu_order":0,"comment_status":"closed","ping_status":"closed","template":"","meta":{"footnotes":""},"class_list":["post-257","page","type-page","status-publish","hentry"],"yoast_head":"<!-- This site is optimized with the Yoast SEO plugin v26.5 - https:\/\/yoast.com\/wordpress\/plugins\/seo\/ -->\n<title>[:da]Esrum Middelalderdage[:en]Esrum Medieval Days[:] - Esrum Middelalderdage<\/title>\n<meta name=\"robots\" content=\"index, follow, max-snippet:-1, max-image-preview:large, max-video-preview:-1\" \/>\n<link rel=\"canonical\" href=\"https:\/\/www.runemester.dk\/middelalderdage\/esrum-middelalderdage\/\" \/>\n<meta property=\"og:locale\" content=\"da_DK\" \/>\n<meta property=\"og:type\" content=\"article\" \/>\n<meta property=\"og:title\" content=\"[:da]Esrum Middelalderdage[:en]Esrum Medieval Days[:] - Esrum Middelalderdage\" \/>\n<meta property=\"og:description\" content=\"[:da]Esrum Middealderdage 2020 er desv\u00e6rre aflyst pga. Covid-19. Esrum Middelalderdage begyndte for over 10 \u00e5r siden som Esrum Riddermarked. I 2015 skiftede vi navn til Esrum Middelalderdage. Med Esrum Middelalderdage er vores vision at lave en begivenhed hvor kvalitet, autenticitet, l\u00e6ring, oplevelse og inddragelse g\u00e5r op i en h\u00f8jere enhed. Vi \u00f8nsker at middelalderdagene er [&hellip;]\" \/>\n<meta property=\"og:url\" content=\"https:\/\/www.runemester.dk\/middelalderdage\/esrum-middelalderdage\/\" \/>\n<meta property=\"og:site_name\" content=\"Esrum Middelalderdage\" \/>\n<meta property=\"article:modified_time\" content=\"2020-06-10T10:55:27+00:00\" \/>\n<meta name=\"twitter:card\" content=\"summary_large_image\" \/>\n<meta name=\"twitter:label1\" content=\"Estimeret l\u00e6setid\" \/>\n\t<meta name=\"twitter:data1\" content=\"2 minutter\" \/>\n<script type=\"application\/ld+json\" class=\"yoast-schema-graph\">{\"@context\":\"https:\/\/schema.org\",\"@graph\":[{\"@type\":\"WebPage\",\"@id\":\"https:\/\/www.runemester.dk\/middelalderdage\/esrum-middelalderdage\/\",\"url\":\"https:\/\/www.runemester.dk\/middelalderdage\/esrum-middelalderdage\/\",\"name\":\"[:da]Esrum Middelalderdage[:en]Esrum Medieval Days[:] - Esrum Middelalderdage\",\"isPartOf\":{\"@id\":\"https:\/\/www.runemester.dk\/middelalderdage\/#website\"},\"datePublished\":\"2015-12-16T09:04:13+00:00\",\"dateModified\":\"2020-06-10T10:55:27+00:00\",\"breadcrumb\":{\"@id\":\"https:\/\/www.runemester.dk\/middelalderdage\/esrum-middelalderdage\/#breadcrumb\"},\"inLanguage\":\"da-DK\",\"potentialAction\":[{\"@type\":\"ReadAction\",\"target\":[\"https:\/\/www.runemester.dk\/middelalderdage\/esrum-middelalderdage\/\"]}]},{\"@type\":\"BreadcrumbList\",\"@id\":\"https:\/\/www.runemester.dk\/middelalderdage\/esrum-middelalderdage\/#breadcrumb\",\"itemListElement\":[{\"@type\":\"ListItem\",\"position\":1,\"name\":\"Hjem\",\"item\":\"https:\/\/www.runemester.dk\/middelalderdage\/\"},{\"@type\":\"ListItem\",\"position\":2,\"name\":\"[:da]Esrum Middelalderdage[:en]Esrum Medieval Days[:]\"}]},{\"@type\":\"WebSite\",\"@id\":\"https:\/\/www.runemester.dk\/middelalderdage\/#website\",\"url\":\"https:\/\/www.runemester.dk\/middelalderdage\/\",\"name\":\"Esrum Middelalderdage\",\"description\":\"[:da]For bodholdere og deltagende | 26. juni - 4. juli 2021[:en]For bodholdere og deltagende | 15 og 16. juni 2019[:]\",\"potentialAction\":[{\"@type\":\"SearchAction\",\"target\":{\"@type\":\"EntryPoint\",\"urlTemplate\":\"https:\/\/www.runemester.dk\/middelalderdage\/?s={search_term_string}\"},\"query-input\":{\"@type\":\"PropertyValueSpecification\",\"valueRequired\":true,\"valueName\":\"search_term_string\"}}],\"inLanguage\":\"da-DK\"}]}<\/script>\n<!-- \/ Yoast SEO plugin. -->","yoast_head_json":{"title":"[:da]Esrum Middelalderdage[:en]Esrum Medieval Days[:] - Esrum Middelalderdage","robots":{"index":"index","follow":"follow","max-snippet":"max-snippet:-1","max-image-preview":"max-image-preview:large","max-video-preview":"max-video-preview:-1"},"canonical":"https:\/\/www.runemester.dk\/middelalderdage\/esrum-middelalderdage\/","og_locale":"da_DK","og_type":"article","og_title":"[:da]Esrum Middelalderdage[:en]Esrum Medieval Days[:] - Esrum Middelalderdage","og_description":"[:da]Esrum Middealderdage 2020 er desv\u00e6rre aflyst pga. Covid-19. Esrum Middelalderdage begyndte for over 10 \u00e5r siden som Esrum Riddermarked. I 2015 skiftede vi navn til Esrum Middelalderdage. Med Esrum Middelalderdage er vores vision at lave en begivenhed hvor kvalitet, autenticitet, l\u00e6ring, oplevelse og inddragelse g\u00e5r op i en h\u00f8jere enhed. Vi \u00f8nsker at middelalderdagene er [&hellip;]","og_url":"https:\/\/www.runemester.dk\/middelalderdage\/esrum-middelalderdage\/","og_site_name":"Esrum Middelalderdage","article_modified_time":"2020-06-10T10:55:27+00:00","twitter_card":"summary_large_image","twitter_misc":{"Estimeret l\u00e6setid":"2 minutter"},"schema":{"@context":"https:\/\/schema.org","@graph":[{"@type":"WebPage","@id":"https:\/\/www.runemester.dk\/middelalderdage\/esrum-middelalderdage\/","url":"https:\/\/www.runemester.dk\/middelalderdage\/esrum-middelalderdage\/","name":"[:da]Esrum Middelalderdage[:en]Esrum Medieval Days[:] - Esrum Middelalderdage","isPartOf":{"@id":"https:\/\/www.runemester.dk\/middelalderdage\/#website"},"datePublished":"2015-12-16T09:04:13+00:00","dateModified":"2020-06-10T10:55:27+00:00","breadcrumb":{"@id":"https:\/\/www.runemester.dk\/middelalderdage\/esrum-middelalderdage\/#breadcrumb"},"inLanguage":"da-DK","potentialAction":[{"@type":"ReadAction","target":["https:\/\/www.runemester.dk\/middelalderdage\/esrum-middelalderdage\/"]}]},{"@type":"BreadcrumbList","@id":"https:\/\/www.runemester.dk\/middelalderdage\/esrum-middelalderdage\/#breadcrumb","itemListElement":[{"@type":"ListItem","position":1,"name":"Hjem","item":"https:\/\/www.runemester.dk\/middelalderdage\/"},{"@type":"ListItem","position":2,"name":"[:da]Esrum Middelalderdage[:en]Esrum Medieval Days[:]"}]},{"@type":"WebSite","@id":"https:\/\/www.runemester.dk\/middelalderdage\/#website","url":"https:\/\/www.runemester.dk\/middelalderdage\/","name":"Esrum Middelalderdage","description":"[:da]For bodholdere og deltagende | 26. juni - 4. juli 2021[:en]For bodholdere og deltagende | 15 og 16. juni 2019[:]","potentialAction":[{"@type":"SearchAction","target":{"@type":"EntryPoint","urlTemplate":"https:\/\/www.runemester.dk\/middelalderdage\/?s={search_term_string}"},"query-input":{"@type":"PropertyValueSpecification","valueRequired":true,"valueName":"search_term_string"}}],"inLanguage":"da-DK"}]}},"_links":{"self":[{"href":"https:\/\/www.runemester.dk\/middelalderdage\/wp-json\/wp\/v2\/pages\/257","targetHints":{"allow":["GET"]}}],"collection":[{"href":"https:\/\/www.runemester.dk\/middelalderdage\/wp-json\/wp\/v2\/pages"}],"about":[{"href":"https:\/\/www.runemester.dk\/middelalderdage\/wp-json\/wp\/v2\/types\/page"}],"author":[{"embeddable":true,"href":"https:\/\/www.runemester.dk\/middelalderdage\/wp-json\/wp\/v2\/users\/2"}],"replies":[{"embeddable":true,"href":"https:\/\/www.runemester.dk\/middelalderdage\/wp-json\/wp\/v2\/comments?post=257"}],"version-history":[{"count":12,"href":"https:\/\/www.runemester.dk\/middelalderdage\/wp-json\/wp\/v2\/pages\/257\/revisions"}],"predecessor-version":[{"id":1060,"href":"https:\/\/www.runemester.dk\/middelalderdage\/wp-json\/wp\/v2\/pages\/257\/revisions\/1060"}],"wp:attachment":[{"href":"https:\/\/www.runemester.dk\/middelalderdage\/wp-json\/wp\/v2\/media?parent=257"}],"curies":[{"name":"wp","href":"https:\/\/api.w.org\/{rel}","templated":true}]}}

[:da]Esrum Middealderdage 2020 er desværre aflyst pga. Covid-19.</p>
<p>Esrum Middelalderdage begyndte for over 10 år siden som Esrum Riddermarked. I 2015 skiftede vi navn til Esrum Middelalderdage.</p>
<p>Med Esrum Middelalderdage er vores vision at lave en begivenhed hvor kvalitet, autenticitet, læring, oplevelse og inddragelse går op i en højere enhed. Vi ønsker at middelalderdagene er en attraktiv begivenhed for både gæster og deltagere. Vi prøver ikke at rekonstruerer middelalderen en til en, men lægger stor vægt på autenticitet og høj kvalitet hos alle deltagere.</p>
<p>Målet med middelalderdagene er at formidle Esrum Klosters historie, med vægt på klosteret og klostervæsenets betydning og det samfund klosteret var en del af, til et bredt publikum. Vi ønsker at vores formidling sker på en inddragende og sjov måde, hvor de besøgende selv er en del af begivenheden og ikke bare tilskuere.</p>
<p>Derfor er autenticitet, åbenhed, formidling og sjov nøgleord hos os.</p>
<p>&nbsp;</p>
<p><strong> </strong></p>
<p>&nbsp;[:en]Esrum Medievaldays 2020 is cancelled due to covid-19.</p>
<p>Esrum Medieval Days began over 10 years ago as Esrum Knights Market. In 2015 we changed our name to Esrum Medieval Days.</p>
<p>With Esrum Medieval Days our vision is to create an event where quality, authenticity, learning, experience and involvement reach a higher level. Our aim is that Esrum Medieval Days is an attractive event for both guests and participants.</p>
<p>We&#8217;re not trying to reconstruct the Middle Ages one to one, but we place great emphasis on authenticity and quality of all participants.</p>
<p>The aim of  Esrum Medieval Days is to disseminate Esrum Abbeys history, with emphasis on the monasticism impact and the medieval society the monastery was part of, to a broad audience.<strong> </strong>We want to be inclusive and fun, and we want the visitors to be part of the event and not just spectators &#8211; therefore, authenticity, openness, dissemination and fun are keywords at Esrum Medieval Days.[:]

<p>[:da]Esrum Middealderdage 2020 er desværre aflyst pga. Covid-19. Esrum Middelalderdage begyndte for over 10 år siden som Esrum Riddermarked. I 2015 skiftede vi navn til Esrum Middelalderdage. Med Esrum Middelalderdage er vores vision at lave en begivenhed hvor kvalitet, autenticitet, læring, oplevelse og inddragelse går op i en højere enhed. Vi ønsker at middelalderdagene er [&hellip;]</p>

<!-- This site is optimized with the Yoast SEO plugin v26.5 - https://yoast.com/wordpress/plugins/seo/ -->
<title>[:da]Esrum Middelalderdage[:en]Esrum Medieval Days[:] - Esrum Middelalderdage</title>
<meta name="robots" content="index, follow, max-snippet:-1, max-image-preview:large, max-video-preview:-1" />
<link rel="canonical" href="https://www.runemester.dk/middelalderdage/esrum-middelalderdage/" />
<meta property="og:locale" content="da_DK" />
<meta property="og:type" content="article" />
<meta property="og:title" content="[:da]Esrum Middelalderdage[:en]Esrum Medieval Days[:] - Esrum Middelalderdage" />
<meta property="og:description" content="[:da]Esrum Middealderdage 2020 er desværre aflyst pga. Covid-19. Esrum Middelalderdage begyndte for over 10 år siden som Esrum Riddermarked. I 2015 skiftede vi navn til Esrum Middelalderdage. Med Esrum Middelalderdage er vores vision at lave en begivenhed hvor kvalitet, autenticitet, læring, oplevelse og inddragelse går op i en højere enhed. Vi ønsker at middelalderdagene er [&hellip;]" />
<meta property="og:url" content="https://www.runemester.dk/middelalderdage/esrum-middelalderdage/" />
<meta property="og:site_name" content="Esrum Middelalderdage" />
<meta property="article:modified_time" content="2020-06-10T10:55:27+00:00" />
<meta name="twitter:card" content="summary_large_image" />
<meta name="twitter:label1" content="Estimeret læsetid" />
	<meta name="twitter:data1" content="2 minutter" />
<script type="application/ld+json" class="yoast-schema-graph">{"@context":"https://schema.org","@graph":[{"@type":"WebPage","@id":"https://www.runemester.dk/middelalderdage/esrum-middelalderdage/","url":"https://www.runemester.dk/middelalderdage/esrum-middelalderdage/","name":"[:da]Esrum Middelalderdage[:en]Esrum Medieval Days[:] - Esrum Middelalderdage","isPartOf":{"@id":"https://www.runemester.dk/middelalderdage/#website"},"datePublished":"2015-12-16T09:04:13+00:00","dateModified":"2020-06-10T10:55:27+00:00","breadcrumb":{"@id":"https://www.runemester.dk/middelalderdage/esrum-middelalderdage/#breadcrumb"},"inLanguage":"da-DK","potentialAction":[{"@type":"ReadAction","target":["https://www.runemester.dk/middelalderdage/esrum-middelalderdage/"]}]},{"@type":"BreadcrumbList","@id":"https://www.runemester.dk/middelalderdage/esrum-middelalderdage/#breadcrumb","itemListElement":[{"@type":"ListItem","position":1,"name":"Hjem","item":"https://www.runemester.dk/middelalderdage/"},{"@type":"ListItem","position":2,"name":"[:da]Esrum Middelalderdage[:en]Esrum Medieval Days[:]"}]},{"@type":"WebSite","@id":"https://www.runemester.dk/middelalderdage/#website","url":"https://www.runemester.dk/middelalderdage/","name":"Esrum Middelalderdage","description":"[:da]For bodholdere og deltagende | 26. juni - 4. juli 2021[:en]For bodholdere og deltagende | 15 og 16. juni 2019[:]","potentialAction":[{"@type":"SearchAction","target":{"@type":"EntryPoint","urlTemplate":"https://www.runemester.dk/middelalderdage/?s={search_term_string}"},"query-input":{"@type":"PropertyValueSpecification","valueRequired":true,"valueName":"search_term_string"}}],"inLanguage":"da-DK"}]}</script>
<!-- / Yoast SEO plugin. -->

[:da]Esrum Middealderdage 2020 er desværre aflyst pga. Covid-19. Esrum Middelalderdage begyndte for over 10 år siden som Esrum Riddermarked. I 2015 skiftede vi navn til Esrum Middelalderdage. Med Esrum Middelalderdage er vores vision at lave en begivenhed hvor kvalitet, autenticitet, læring, oplevelse og inddragelse går op i en højere enhed. Vi ønsker at middelalderdagene er [&hellip;]
