{"id":216,"date":"2016-01-13T11:55:35","date_gmt":"2016-01-13T11:55:35","guid":{"rendered":"https:\/\/middelalderdage.wordpress.com\/priser\/"},"modified":"2017-02-21T10:30:23","modified_gmt":"2017-02-21T09:30:23","slug":"priser","status":"publish","type":"page","link":"https:\/\/www.runemester.dk\/middelalderdage\/bodholdere\/priser\/","title":{"rendered":"[:da]Priser for bodholdere[:en]Prices[:]"},"content":{"rendered":"[:da]H\u00e5ndv\u00e6rkere: gratis<\/p>\n<p>&nbsp;<\/p>\n<p>Bod med salg af middelaldervarer:<\/p>\n<h6><strong>500 kr. eksklusiv moms (625 kr. inklusiv moms)<\/strong><\/h6>\n<p>&nbsp;<\/p>\n<p>Bod med salg af drikkevarer (mj\u00f8d, \u00f8l mm.) samt mindre salg af f\u00f8devarer (pandekager, mandler mm):<\/p>\n<h6><strong>3000 kr. eksklusiv moms <span style=\"line-height: 1.7\">\u00a0(3.750 kr. inklusiv moms)<\/span><\/strong><\/h6>\n<p>Hvis der \u00f8nskes st\u00f8rre salg af f\u00f8devarer (krodrift eller lignende) kontakt Kristina Bille\u00a0direkte p\u00e5\u00a0<a href=\"mailto:Kristina@esrum.dk\">Kristina@esrum.dk<\/a>[:en]Craftsmen: free<\/p>\n<p>&nbsp;<\/p>\n<p>Stall with sale of medieval goods:<\/p>\n<h6><strong>500 DKK. Excluding VAT (625 DKK. Including VAT).<\/strong><\/h6>\n<p>&nbsp;<\/p>\n<p>Stall with sale of beverages (mead, beer etc.) As well as\u00a0sale of minor food products\u00a0(pancakes, almonds, etc.):<\/p>\n<h6><strong>3000 DKK. Excluding VAT (3.750 DKK. Including VAT).<\/strong><\/h6>\n<p>If you wish to sell larger quantities of food (Inns etc. ) contact Kristina Bille\u00a0directly on <a href=\"mailto:kristina@esrum.dk\">kristina@esrum.dk<\/a>[:]\n","protected":false},"excerpt":{"rendered":"<p>[:da]H\u00e5ndv\u00e6rkere: gratis &nbsp; Bod med salg af middelaldervarer: 500 kr. eksklusiv moms (625 kr. inklusiv moms) &nbsp; Bod med salg af drikkevarer (mj\u00f8d, \u00f8l mm.) samt mindre salg af f\u00f8devarer (pandekager, mandler mm): 3000 kr. eksklusiv moms \u00a0(3.750 kr. inklusiv moms) Hvis der \u00f8nskes st\u00f8rre salg af f\u00f8devarer (krodrift eller lignende) kontakt Kristina Bille\u00a0direkte p\u00e5\u00a0Kristina@esrum.dk[:en]Craftsmen: [&hellip;]<\/p>\n","protected":false},"author":2,"featured_media":0,"parent":178,"menu_order":0,"comment_status":"closed","ping_status":"closed","template":"","meta":{"footnotes":""},"class_list":["post-216","page","type-page","status-publish","hentry"],"yoast_head":"<!-- This site is optimized with the Yoast SEO plugin v26.5 - https:\/\/yoast.com\/wordpress\/plugins\/seo\/ -->\n<title>[:da]Priser for bodholdere[:en]Prices[:] - Esrum Middelalderdage<\/title>\n<meta name=\"robots\" content=\"index, follow, max-snippet:-1, max-image-preview:large, max-video-preview:-1\" \/>\n<link rel=\"canonical\" href=\"https:\/\/www.runemester.dk\/middelalderdage\/bodholdere\/priser\/\" \/>\n<meta property=\"og:locale\" content=\"da_DK\" \/>\n<meta property=\"og:type\" content=\"article\" \/>\n<meta property=\"og:title\" content=\"[:da]Priser for bodholdere[:en]Prices[:] - Esrum Middelalderdage\" \/>\n<meta property=\"og:description\" content=\"[:da]H\u00e5ndv\u00e6rkere: gratis &nbsp; Bod med salg af middelaldervarer: 500 kr. eksklusiv moms (625 kr. inklusiv moms) &nbsp; Bod med salg af drikkevarer (mj\u00f8d, \u00f8l mm.) samt mindre salg af f\u00f8devarer (pandekager, mandler mm): 3000 kr. eksklusiv moms \u00a0(3.750 kr. inklusiv moms) Hvis der \u00f8nskes st\u00f8rre salg af f\u00f8devarer (krodrift eller lignende) kontakt Kristina Bille\u00a0direkte p\u00e5\u00a0Kristina@esrum.dk[:en]Craftsmen: [&hellip;]\" \/>\n<meta property=\"og:url\" content=\"https:\/\/www.runemester.dk\/middelalderdage\/bodholdere\/priser\/\" \/>\n<meta property=\"og:site_name\" content=\"Esrum Middelalderdage\" \/>\n<meta property=\"article:modified_time\" content=\"2017-02-21T09:30:23+00:00\" \/>\n<meta name=\"twitter:card\" content=\"summary_large_image\" \/>\n<meta name=\"twitter:label1\" content=\"Estimeret l\u00e6setid\" \/>\n\t<meta name=\"twitter:data1\" content=\"1 minut\" \/>\n<script type=\"application\/ld+json\" class=\"yoast-schema-graph\">{\"@context\":\"https:\/\/schema.org\",\"@graph\":[{\"@type\":\"WebPage\",\"@id\":\"https:\/\/www.runemester.dk\/middelalderdage\/bodholdere\/priser\/\",\"url\":\"https:\/\/www.runemester.dk\/middelalderdage\/bodholdere\/priser\/\",\"name\":\"[:da]Priser for bodholdere[:en]Prices[:] - Esrum Middelalderdage\",\"isPartOf\":{\"@id\":\"https:\/\/www.runemester.dk\/middelalderdage\/#website\"},\"datePublished\":\"2016-01-13T11:55:35+00:00\",\"dateModified\":\"2017-02-21T09:30:23+00:00\",\"breadcrumb\":{\"@id\":\"https:\/\/www.runemester.dk\/middelalderdage\/bodholdere\/priser\/#breadcrumb\"},\"inLanguage\":\"da-DK\",\"potentialAction\":[{\"@type\":\"ReadAction\",\"target\":[\"https:\/\/www.runemester.dk\/middelalderdage\/bodholdere\/priser\/\"]}]},{\"@type\":\"BreadcrumbList\",\"@id\":\"https:\/\/www.runemester.dk\/middelalderdage\/bodholdere\/priser\/#breadcrumb\",\"itemListElement\":[{\"@type\":\"ListItem\",\"position\":1,\"name\":\"Hjem\",\"item\":\"https:\/\/www.runemester.dk\/middelalderdage\/\"},{\"@type\":\"ListItem\",\"position\":2,\"name\":\"[:da]Bodholdere[:en]Trade[:]\",\"item\":\"https:\/\/www.runemester.dk\/middelalderdage\/bodholdere\/\"},{\"@type\":\"ListItem\",\"position\":3,\"name\":\"[:da]Priser for bodholdere[:en]Prices[:]\"}]},{\"@type\":\"WebSite\",\"@id\":\"https:\/\/www.runemester.dk\/middelalderdage\/#website\",\"url\":\"https:\/\/www.runemester.dk\/middelalderdage\/\",\"name\":\"Esrum Middelalderdage\",\"description\":\"[:da]For bodholdere og deltagende | 26. juni - 4. juli 2021[:en]For bodholdere og deltagende | 15 og 16. juni 2019[:]\",\"potentialAction\":[{\"@type\":\"SearchAction\",\"target\":{\"@type\":\"EntryPoint\",\"urlTemplate\":\"https:\/\/www.runemester.dk\/middelalderdage\/?s={search_term_string}\"},\"query-input\":{\"@type\":\"PropertyValueSpecification\",\"valueRequired\":true,\"valueName\":\"search_term_string\"}}],\"inLanguage\":\"da-DK\"}]}<\/script>\n<!-- \/ Yoast SEO plugin. -->","yoast_head_json":{"title":"[:da]Priser for bodholdere[:en]Prices[:] - Esrum Middelalderdage","robots":{"index":"index","follow":"follow","max-snippet":"max-snippet:-1","max-image-preview":"max-image-preview:large","max-video-preview":"max-video-preview:-1"},"canonical":"https:\/\/www.runemester.dk\/middelalderdage\/bodholdere\/priser\/","og_locale":"da_DK","og_type":"article","og_title":"[:da]Priser for bodholdere[:en]Prices[:] - Esrum Middelalderdage","og_description":"[:da]H\u00e5ndv\u00e6rkere: gratis &nbsp; Bod med salg af middelaldervarer: 500 kr. eksklusiv moms (625 kr. inklusiv moms) &nbsp; Bod med salg af drikkevarer (mj\u00f8d, \u00f8l mm.) samt mindre salg af f\u00f8devarer (pandekager, mandler mm): 3000 kr. eksklusiv moms \u00a0(3.750 kr. inklusiv moms) Hvis der \u00f8nskes st\u00f8rre salg af f\u00f8devarer (krodrift eller lignende) kontakt Kristina Bille\u00a0direkte p\u00e5\u00a0Kristina@esrum.dk[:en]Craftsmen: [&hellip;]","og_url":"https:\/\/www.runemester.dk\/middelalderdage\/bodholdere\/priser\/","og_site_name":"Esrum Middelalderdage","article_modified_time":"2017-02-21T09:30:23+00:00","twitter_card":"summary_large_image","twitter_misc":{"Estimeret l\u00e6setid":"1 minut"},"schema":{"@context":"https:\/\/schema.org","@graph":[{"@type":"WebPage","@id":"https:\/\/www.runemester.dk\/middelalderdage\/bodholdere\/priser\/","url":"https:\/\/www.runemester.dk\/middelalderdage\/bodholdere\/priser\/","name":"[:da]Priser for bodholdere[:en]Prices[:] - Esrum Middelalderdage","isPartOf":{"@id":"https:\/\/www.runemester.dk\/middelalderdage\/#website"},"datePublished":"2016-01-13T11:55:35+00:00","dateModified":"2017-02-21T09:30:23+00:00","breadcrumb":{"@id":"https:\/\/www.runemester.dk\/middelalderdage\/bodholdere\/priser\/#breadcrumb"},"inLanguage":"da-DK","potentialAction":[{"@type":"ReadAction","target":["https:\/\/www.runemester.dk\/middelalderdage\/bodholdere\/priser\/"]}]},{"@type":"BreadcrumbList","@id":"https:\/\/www.runemester.dk\/middelalderdage\/bodholdere\/priser\/#breadcrumb","itemListElement":[{"@type":"ListItem","position":1,"name":"Hjem","item":"https:\/\/www.runemester.dk\/middelalderdage\/"},{"@type":"ListItem","position":2,"name":"[:da]Bodholdere[:en]Trade[:]","item":"https:\/\/www.runemester.dk\/middelalderdage\/bodholdere\/"},{"@type":"ListItem","position":3,"name":"[:da]Priser for bodholdere[:en]Prices[:]"}]},{"@type":"WebSite","@id":"https:\/\/www.runemester.dk\/middelalderdage\/#website","url":"https:\/\/www.runemester.dk\/middelalderdage\/","name":"Esrum Middelalderdage","description":"[:da]For bodholdere og deltagende | 26. juni - 4. juli 2021[:en]For bodholdere og deltagende | 15 og 16. juni 2019[:]","potentialAction":[{"@type":"SearchAction","target":{"@type":"EntryPoint","urlTemplate":"https:\/\/www.runemester.dk\/middelalderdage\/?s={search_term_string}"},"query-input":{"@type":"PropertyValueSpecification","valueRequired":true,"valueName":"search_term_string"}}],"inLanguage":"da-DK"}]}},"_links":{"self":[{"href":"https:\/\/www.runemester.dk\/middelalderdage\/wp-json\/wp\/v2\/pages\/216","targetHints":{"allow":["GET"]}}],"collection":[{"href":"https:\/\/www.runemester.dk\/middelalderdage\/wp-json\/wp\/v2\/pages"}],"about":[{"href":"https:\/\/www.runemester.dk\/middelalderdage\/wp-json\/wp\/v2\/types\/page"}],"author":[{"embeddable":true,"href":"https:\/\/www.runemester.dk\/middelalderdage\/wp-json\/wp\/v2\/users\/2"}],"replies":[{"embeddable":true,"href":"https:\/\/www.runemester.dk\/middelalderdage\/wp-json\/wp\/v2\/comments?post=216"}],"version-history":[{"count":28,"href":"https:\/\/www.runemester.dk\/middelalderdage\/wp-json\/wp\/v2\/pages\/216\/revisions"}],"predecessor-version":[{"id":685,"href":"https:\/\/www.runemester.dk\/middelalderdage\/wp-json\/wp\/v2\/pages\/216\/revisions\/685"}],"up":[{"embeddable":true,"href":"https:\/\/www.runemester.dk\/middelalderdage\/wp-json\/wp\/v2\/pages\/178"}],"wp:attachment":[{"href":"https:\/\/www.runemester.dk\/middelalderdage\/wp-json\/wp\/v2\/media?parent=216"}],"curies":[{"name":"wp","href":"https:\/\/api.w.org\/{rel}","templated":true}]}}